{"id":134,"date":"2026-05-12T10:04:39","date_gmt":"2026-05-12T10:04:39","guid":{"rendered":"https:\/\/inarinkala.fi\/?page_id=134"},"modified":"2026-05-12T12:41:51","modified_gmt":"2026-05-12T12:41:51","slug":"tuotteet","status":"publish","type":"page","link":"https:\/\/inarinkala.fi\/index.php\/tuotteet\/","title":{"rendered":""},"content":{"rendered":"\n<p class=\"has-base-color has-text-color has-link-color has-superbfont-large-font-size wp-elements-72df51cb3457950a49b718d8a916e871\"><strong><em>Tuotteet<\/em><\/strong><\/p>\n\n\n\n<p class=\"has-base-color has-text-color has-link-color wp-elements-9c11fafae4f5c3e234341dc6cfee4f69\">Toimitamme luonnonkalaa Inarij\u00e4rvelt\u00e4 ravintoloille, j\u00e4lleenmyyjille ja yhteisty\u00f6kumppaneille.<br>Saatavuus vaihtelee vuodenajan, kelien ja kalastuksen mukaan.<\/p>\n\n\n\n<figure class=\"wp-block-image size-full is-resized is-style-rounded\" style=\"margin-top:var(--wp--preset--spacing--superbspacing-xsmall);margin-bottom:var(--wp--preset--spacing--superbspacing-xsmall)\"><img fetchpriority=\"high\" decoding=\"async\" width=\"2560\" height=\"1920\" src=\"https:\/\/inarinkala.fi\/wp-content\/uploads\/2026\/05\/IMG_4320-scaled.jpg\" alt=\"Inarin siika\" class=\"wp-image-58\" style=\"object-fit:cover;width:982px;height:180px\" srcset=\"https:\/\/inarinkala.fi\/wp-content\/uploads\/2026\/05\/IMG_4320-scaled.jpg 2560w, https:\/\/inarinkala.fi\/wp-content\/uploads\/2026\/05\/IMG_4320-300x225.jpg 300w\" sizes=\"(max-width: 2560px) 100vw, 2560px\" \/><\/figure>\n\n\n\n<h1 class=\"wp-block-heading has-contrast-light-color has-text-color has-link-color wp-elements-740f3458246ddfbbf3f2004c88661112\">KALAT<\/h1>\n\n\n\n<h2 class=\"wp-block-heading has-contrast-light-color has-text-color has-link-color wp-elements-b6fd654c7600c3d738d883314fdb947f\">SIIKA<\/h2>\n\n\n\n<ul class=\"wp-block-list\">\n<li class=\"has-base-color has-text-color has-link-color wp-elements-5886445fae9437931aa04a42ff65751d\">Siika III (250\u2013400 g)<\/li>\n\n\n\n<li class=\"has-base-color has-text-color has-link-color wp-elements-0f7deaedb127fc35b4dcb61576d52b37\">Siika II (400\u2013800 g)<\/li>\n\n\n\n<li class=\"has-base-color has-text-color has-link-color wp-elements-65d07aeae143b93f791c78ff0dc8ef6e\">Siika I (+800 g)<\/li>\n<\/ul>\n\n\n\n<p class=\"has-base-color has-text-color has-link-color wp-elements-221456717075ff911edec7a112c8cc17\">Saatavana:<\/p>\n\n\n\n<ul class=\"wp-block-list\">\n<li class=\"has-base-color has-text-color has-link-color wp-elements-e015065f5757cc7a2435ad3c9e736419\">perattuna<\/li>\n\n\n\n<li class=\"has-base-color has-text-color has-link-color wp-elements-acae321ef8dd2978e2d6da5a544ab36e\">fileoituna<\/li>\n<\/ul>\n\n\n\n<h2 class=\"wp-block-heading has-contrast-light-color has-text-color has-link-color wp-elements-e6da4b144a171671c96dee44b94c9ae6\">AHVEN<\/h2>\n\n\n\n<ul class=\"wp-block-list\">\n<li class=\"has-base-color has-text-color has-link-color wp-elements-a57c40e95073b36139a7e5feacbd796e\">yli 100 g ahven<\/li>\n\n\n\n<li class=\"has-base-color has-text-color has-link-color wp-elements-e015065f5757cc7a2435ad3c9e736419\">perattuna<\/li>\n\n\n\n<li class=\"has-base-color has-text-color has-link-color wp-elements-92fa8970cd1658183be71c5734e6379e\">fileen\u00e4<\/li>\n<\/ul>\n\n\n\n<h2 class=\"wp-block-heading has-contrast-light-color has-text-color has-link-color wp-elements-b1222107f5ce14aa82e6f7bf42b96310\">MADE<\/h2>\n\n\n\n<ul class=\"wp-block-list\">\n<li class=\"has-base-color has-text-color has-link-color wp-elements-f5b92348c31d0c28b3498f0d4cd26772\">nyljetty made<\/li>\n\n\n\n<li class=\"has-base-color has-text-color has-link-color wp-elements-04ece0535baa6f9e33efde164b043b9d\">sis\u00e4lt\u00e4\u00e4 maksan ja m\u00e4din<\/li>\n<\/ul>\n\n\n\n<p><\/p>\n","protected":false},"excerpt":{"rendered":"<p>Tuotteet Toimitamme luonnonkalaa Inarij\u00e4rvelt\u00e4 ravintoloille, j\u00e4lleenmyyjille ja yhteisty\u00f6kumppaneille.Saatavuus vaihtelee vuodenajan, kelien ja kalastuksen mukaan. KALAT SIIKA Saatavana: AHVEN MADE<\/p>\n","protected":false},"author":1,"featured_media":0,"parent":0,"menu_order":0,"comment_status":"closed","ping_status":"closed","template":"","meta":{"footnotes":""},"class_list":["post-134","page","type-page","status-publish","hentry"],"_links":{"self":[{"href":"https:\/\/inarinkala.fi\/index.php\/wp-json\/wp\/v2\/pages\/134","targetHints":{"allow":["GET"]}}],"collection":[{"href":"https:\/\/inarinkala.fi\/index.php\/wp-json\/wp\/v2\/pages"}],"about":[{"href":"https:\/\/inarinkala.fi\/index.php\/wp-json\/wp\/v2\/types\/page"}],"author":[{"embeddable":true,"href":"https:\/\/inarinkala.fi\/index.php\/wp-json\/wp\/v2\/users\/1"}],"replies":[{"embeddable":true,"href":"https:\/\/inarinkala.fi\/index.php\/wp-json\/wp\/v2\/comments?post=134"}],"version-history":[{"count":8,"href":"https:\/\/inarinkala.fi\/index.php\/wp-json\/wp\/v2\/pages\/134\/revisions"}],"predecessor-version":[{"id":179,"href":"https:\/\/inarinkala.fi\/index.php\/wp-json\/wp\/v2\/pages\/134\/revisions\/179"}],"wp:attachment":[{"href":"https:\/\/inarinkala.fi\/index.php\/wp-json\/wp\/v2\/media?parent=134"}],"curies":[{"name":"wp","href":"https:\/\/api.w.org\/{rel}","templated":true}]}}